 hundreds digit of 6022?
0
What is the ten thousands digit of 53567?
5
What is the hundreds digit of 2270?
2
What is the hundreds digit of 11079?
0
What is the units digit of 1022?
2
What is the hundreds digit of 157613?
6
What is the units digit of 7620?
0
What is the thousands digit of 2086?
2
What is the tens digit of 8902?
0
What is the ten thousands digit of 53354?
5
What is the units digit of 375?
5
What is the tens digit of 21366?
6
What is the tens digit of 1994?
9
What is the hundreds digit of 1518?
5
What is the units digit of 847?
7
What is the thousands digit of 9892?
9
What is the hundreds digit of 665?
6
What is the units digit of 71909?
9
What is the hundreds digit of 614?
6
What is the tens digit of 20541?
4
What is the thousands digit of 4196?
4
What is the ten thousands digit of 14520?
1
What is the hundreds digit of 1031?
0
What is the tens digit of 76497?
9
What is the tens digit of 78?
7
What is the ten thousands digit of 72864?
7
What is the tens digit of 15149?
4
What is the units digit of 8318?
8
What is the tens digit of 3355?
5
What is the hundreds digit of 496?
4
What is the hundreds digit of 1074?
0
What is the hundreds digit of 11608?
6
What is the thousands digit of 6752?
6
What is the thousands digit of 4968?
4
What is the units digit of 3037?
7
What is the units digit of 3908?
8
What is the hundreds digit of 389?
3
What is the units digit of 5263?
3
What is the units digit of 2570?
0
What is the hundreds digit of 31924?
9
What is the units digit of 1336?
6
What is the hundreds digit of 1432?
4
What is the thousands digit of 86508?
6
What is the thousands digit of 2238?
2
What is the ten thousands digit of 20815?
2
What is the hundreds digit of 15597?
5
What is the tens digit of 395?
9
What is the tens digit of 2431?
3
What is the hundreds digit of 2444?
4
What is the thousands digit of 1494?
1
What is the thousands digit of 50324?
0
What is the hundreds digit of 2217?
2
What is the ten thousands digit of 16306?
1
What is the tens digit of 221?
2
What is the units digit of 1360?
0
What is the hundreds digit of 1555?
5
What is the hundreds digit of 2888?
8
What is the thousands digit of 29680?
9
What is the units digit of 141862?
2
What is the thousands digit of 8263?
8
What is the hundreds digit of 4695?
6
What is the tens digit of 3735?
3
What is the thousands digit of 2174?
2
What is the hundreds digit of 16642?
6
What is the thousands digit of 13303?
3
What is the units digit of 4978?
8
What is the hundreds digit of 1326?
3
What is the thousands digit of 2954?
2
What is the tens digit of 48465?
6
What is the ten thousands digit of 28564?
2
What is the units digit of 59652?
2
What is the tens digit of 24?
2
What is the units digit of 24?
4
What is the units digit of 54029?
9
What is the units digit of 467?
7
What is the units digit of 1231?
1
What is the hundreds digit of 4222?
2
What is the ten thousands digit of 13379?
1
What is the units digit of 7125?
5
What is the thousands digit of 11328?
1
What is the units digit of 6526?
6
What is the tens digit of 786?
8
What is the hundreds digit of 2057?
0
What is the tens digit of 700?
0
What is the tens digit of 2622?
2
What is the tens digit of 951?
5
What is the hundreds digit of 13719?
7
What is the hundreds digit of 54011?
0
What is the tens digit of 772?
7
What is the thousands digit of 60852?
0
What is the thousands digit of 6385?
6
What is the thousands digit of 19477?
9
What is the hundreds digit of 17715?
7
What is the units digit of 926?
6
What is the tens digit of 10000?
0
What is the thousands digit of 1424?
1
What is the units digit of 18165?
5
What is the tens digit of 6121?
2
What is the tens digit of 5375?
7
What is the tens digit of 3109?
0
What is the units digit of 1038?
8
What is the thousands digit of 3465?
3
What is the units digit of 9017?
7
What is the ten thousands digit of 24711?
2
What is the units digit of 561?
1
What is the tens digit of 36312?
1
What is the ten thousands digit of 17437?
1
What is the tens digit of 39576?
7
What is the hundreds digit of 7552?
5
What is the hundreds digit of 494?
4
What is the tens digit of 4922?
2
What is the units digit of 3164?
4
What is the hundreds digit of 12479?
4
What is the ten thousands digit of 33108?
3
What is the thousands digit of 7944?
7
What is the units digit of 599?
9
What is the units digit of 96?
6
What is the units digit of 2620?
0
What is the hundreds digit of 11842?
8
What is the thousands digit of 18734?
8
What is the tens digit of 6343?
4
What is the hundreds digit of 551?
5
What is the hundreds digit of 95300?
3
What is the tens digit of 894?
9
What is the tens digit of 556?
5
What is the thousands digit of 7450?
7
What is the tens digit of 22003?
0
What is the units digit of 35120?
0
What is the tens digit of 4332?
3
What is the thousands digit of 2647?
2
What is the hundreds digit of 349?
3
What is the ten thousands digit of 61125?
6
What is the hundreds digit of 889?
8
What is the hundreds digit of 8930?
9
What is the units digit of 3897?
7
What is the units digit of 2372?
2
What is the hundreds digit of 626?
6
What is the hundreds digit of 6719?
7
What is the tens digit of 19795?
9
What is the units digit of 3334?
4
What is the thousands digit of 9423?
9
What is the thousands digit of 131462?
1
What is the hundreds digit of 3397?
3
What is the thousands digit of 143795?
3
What is the hundreds digit of 1950?
9
What is the tens digit of 2225?
2
What is the thousands digit of 8067?
8
What is the thousands digit of 21594?
1
What is the thousands digit of 1491?
1
What is the hundreds digit of 57252?
2
What is the thousands digit of 102144?
2
What is the tens digit of 707?
0
What is the units digit of 9620?
0
What is the units digit of 23812?
2
What is the tens digit of 1621?
2
What is the hundreds digit of 4427?
4
What is the hundreds digit of 2770?
7
What is the tens digit of 33839?
3
What is the ten thousands digit of 61008?
6
What is the hundreds digit of 73794?
7
What is the units digit of 7813?
3
What is the units digit of 7154?
4
What is the hundreds digit of 3704?
7
What is the tens digit of 1715?
1
What is the thousands digit of 16263?
6
What is the tens digit of 640?
4
What is the tens digit of 3067?
6
What is the ten thousands digit of 17162?
1
What is the thousands digit of 14397?
4
What is the hundreds digit of 26520?
5
What is the units digit of 6427?
7
What is the units digit of 6070?
0
What is the tens digit of 19331?
3
What is the tens digit of 669?
6
What is the thousands digit of 2768?
2
What is the ten thousands digit of 17673?
1
What is the tens digit of 1194?
9
What is the units digit of 2882?
2
What is the units digit of 859?
9
What is the hundreds digit of 5968?
9
What is the units digit of 176?
6
What is the units digit of 101276?
6
What is the hundreds digit of 12766?
7
What is the thousands digit of 8636?
8
What is the thousands digit of 1013?
1
What is the tens digit of 22813?
1
What is the tens digit of 514?
1
What is the ten thousands digit of 10212?
1
What is the tens digit of 683?
8
What is the ten thousands digit of 50440?
5
What is the hundreds digit of 25065?
0
What is the ten thousands digit of 88901?
8
What is the tens digit of 70199?
9
What is the hundreds digit of 27232?
2
What is the units digit of 875?
5
What is the thousands digit of 1540?
1
What is the tens digit of 17686?
8
What is the tens digit of 316?
1
What is the tens digit of 33615?
1
What is the tens digit of 274?
7
What is the units digit of 1432?
2
What is the units digit of 62609?
9
What is the hundreds digit of 195?
1
What is the tens digit of 1116?
1
What is the ten thousands digit of 126221?
2
What is the tens digit of 18712?
1
What is the hundreds digit of 11604?
6
What is the tens digit of 638?
3
What is the hundreds digit of 7724?
7
What is the hundreds digit of 41681?
6
What is the units digit of 481?
1
What is the hundreds digit of 22847?
8
What is the hundreds digit of 11630?
6
What is the thousands digit of 1793?
1
What is the units digit of 3182?
2
What is the tens digit of 988?
8
What is the tens digit of 51362?
6
What is the thousands digit of 2897?
2
What is the units digit of 18286?
6
What is the units digit of 6603?
3
What is the tens digit of 1947?
4
What 